-5*r, j*r + 5*g = 2*g + 351. Calculate the remainder when r is divided by 15.
13
Let p(l) = 7*l + 2. Let d be p(-2). Let i(m) = -m**2 + 3*m - 6. Let x be i(0). Let h = x - d. What is the remainder when h is divided by 3?
0
Let x be (-9 - -8) + (-1 - -2). Suppose -4*l - 2*w = -3*l, 4*l - w = x. Calculate the remainder when 41 is divided by 3/6*28 - l.
13
Suppose 0 = 5*v - a - 22, -2*a - 3 = -3*v + 2*a. Suppose -2*d = -v*d + 12. Calculate the remainder when d is divided by 2.
0
Let r(h) = -2*h**3 - 38*h**2 - 41*h - 57. What is the remainder when 1054 is divided by r(-18)?
31
Suppose 4*f = z - 17, 3*z + 3*f + 19 = 5*z. Suppose z*u - 35 = 195. What is the remainder when u is divided by 26?
20
Let j(v) = -34*v**3 - v**2 + 1. What is the remainder when j(-1) is divided by (-3)/48*-6 + (-4089)/(-232)?
16
What is the remainder when 1/(-2) + (-85)/(-2) is divided by 14*(-2)/(-21)*(-6)/(-2)?
2
Let f = 2 - -3. Calculate the remainder when 19 + (-2 - 5)/(-7)*0 is divided by f.
4
Suppose 47*i - 1118 = 1467. What is the remainder when 381 is divided by i?
51
Let n = 5 - -7. Suppose -n - 5 = -2*s - 5*f, -2*f + 20 = 3*s. Let i = 26 - s. What is the remainder when 59 is divided by i?
19
Let m(c) = -57*c + 1428. Calculate the remainder when (1 - 1) + 8/1 is divided by m(25).
2
Let r = -2 + 5. Suppose r*q - 9*q + 78 = 0. Calculate the remainder when 48 is divided by q.
9
Let m(g) = -g**2 + 9*g - 13. Suppose -5*o + 27 = -3. What is the remainder when 12 is divided by m(o)?
2
Suppose -816 = -23*m + 840. Calculate the remainder when 81 is divided by m.
9
Suppose -66*j + 742 = -511 + 329. Let x = -88 - -126. What is the remainder when x is divided by j?
10
Let s(z) = z**3 - 7*z**2 + 6*z. Let j be s(6). Let p be ((j/(-3))/1)/2. Suppose -3*i = -p*i - 231. What is the remainder when i is divided by 26?
25
Let o = 801 - 785. Calculate the remainder when 190 is divided by o.
14
Let d(k) = -k**2 - 74*k - 950. What is the remainder when 1006 is divided by d(-17)?
18
Let c(p) be the second derivative of -p**5/20 - 2*p**4/3 + p**3/6 + 5*p**2 - 5*p. Calculate the remainder when 2 is divided by c(-8).
0
Suppose 4*x - 28 = 4*i, 0 = 2*x - x + 3*i + 1. Suppose -3*z + x*z = 16. Calculate the remainder when 39 is divided by z.
7
Let v(g) = 5*g - 25. Let f be v(8). Suppose -12 = -3*d + f. Calculate the remainder when 28 is divided by d.
1
Suppose -3*v - 5 = 1. What is the remainder when 63 is divided by v - (-1)/((-4)/(-76))?
12
Let u = 28 + -8. Let m = u + -6. Let o(l) = -l + 15. What is the remainder when m is divided by o(7)?
6
Let c(r) = r**3 - 4*r**2 - 3*r - 3. Suppose -27 + 135 = -3*s. Let j = -10 - s. What is the remainder when j is divided by c(5)?
5
Let z(m) = m**3 + 8*m**2 + 7*m - 1. Let l be z(-7). Let f(w) = w**3 + 6*w**2 + 2*w - 1. What is the remainder when f(-2) is divided by (-1)/((-3)/9) - l?
3
Suppose -26*y = 323 - 1805. What is the remainder when y is divided by 57?
0
Let n = 45 - 36. What is the remainder when (n - -3)/(-3) - -80 is divided by 16?
12
Let h = -2039 - -2159. Calculate the remainder when h is divided by 65.
55
Let r = -8 - -38. Let k = -11 - -19. What is the remainder when r is divided by k?
6
Suppose 19*y + 634 = 21*y. Suppose 0 = 5*l - y + 57. What is the remainder when l is divided by 27?
25
Let i(z) = -z**2 + 6*z + 6. Let u be i(9). Let b = u - -28. Suppose -3 = -3*w + 3*q + 18, -7 = 2*w + 5*q. What is the remainder when b is divided by w?
3
Suppose -2*l + 5*i - 240 = 437, -358 = l + 4*i. What is the remainder when (-14)/(-35) - l/10 is divided by 9?
8
Suppose -4*l + 545 = 34*g - 37*g, 0 = 2*l + 3*g - 259. Let a = 177 + -265. Let c = a + l. What is the remainder when c is divided by 12?
10
Suppose -2*w + f + 208 = 0, -5*w + 4*w - 5*f + 104 = 0. Calculate the remainder when w is divided by 80.
24
Suppose 5*y = 2*g - 319, 0 = -5*g + y - 0*y + 855. Calculate the remainder when g is divided by 58.
56
Let p(q) = -q**3 + 9*q**2 + 2*q - 13. Let m be p(9). Let y = m - -11. Calculate the remainder when 63 is divided by y.
15
Let b(u) = -u**2 + u + 4. Let p be b(4). Let t(k) = -k**3 - 5*k**2 + 18*k - 7. Let i(q) = -16*q - 1. Calculate the remainder when t(p) is divided by i(-1).
11
Let a(v) = -20*v**2 - 3*v + 3. Let b be a(1). Let o = b - -34. Calculate the remainder when o is divided by 7.
0
Suppose -10*w + 121 = -429. What is the remainder when w is divided by 14?
13
Suppose -2*v = 3*i - 8, 24 = 3*i - 3*v + 6. Let w(t) = t**2 - 3*t + 7. What is the remainder when w(5) is divided by i?
1
Calculate the remainder when 269 is divided by -6*((-9)/(-15) - (-328)/(-80)).
17
Suppose 2*j - 2*n - 28 = 0, -41*n - 66 = -5*j - 37*n. Suppose 0 = 6*l - l - 135. Calculate the remainder when l is divided by j.
7
Suppose -2 = a - 31. Let t(q) = 11*q + 242. Calculate the remainder when t(-17) is divided by a.
26
Let t(g) = -3*g + 1. Suppose 0 = -0*b + 4*b + 32. Calculate the remainder when 97 is divided by t(b).
22
Let c(d) = 0*d - 2 - 6*d - 2 - 6. What is the remainder when (-225)/(6/(-2)) + 2 is divided by c(-5)?
17
Suppose 8 + 52 = -4*b. Let o be (-3 + (-204)/(-20))*b. Calculate the remainder when (4/(-3))/(6/o) is divided by 7.
3
Suppose 2*z - 3*w - 1 = 0, 4*w + 27 = 4*z + 3*w. Let y(k) = -k + 11. Calculate the remainder when 4 is divided by y(z).
1
Let q = 1318 - 1101. Calculate the remainder when q is divided by 17.
13
Let b = 30 - -2. Calculate the remainder when 95 is divided by b.
31
Suppose 4*v + 4*i = 396, -3*v + 4*v - 108 = -4*i. Suppose 5*a + 79 = -251. Let o = v + a. What is the remainder when o is divided by 11?
8
Let g(l) = 3*l + 12. Let x be g(-3). Calculate the remainder when x + 50/(-18) + 4960/36 is divided by 36.
30
Let k = 1407 - 1220. What is the remainder when k is divided by 94?
93
Let a(t) = -124*t + 2. Let z(i) = 2*i**3 - 5*i**2 + 21*i - 36. What is the remainder when a(-2) is divided by z(3)?
34
Suppose 4*w + 0*w - 44 = 0. Suppose 8 = 2*c - 0*c. Suppose b = 5*b - c*z - 160, -4*b - 2*z = -172. Calculate the remainder when b is divided by w.
9
Let i = 6 + -4. Suppose i*u - 20 = -v - 4, -2*u + 60 = 3*v. Calculate the remainder when 38 is divided by v.
16
Suppose f = -3*f + 32. Let i = -8 + f. Suppose 3*k - 1 = -4*q, i = q + 1 + 1. What is the remainder when 9 is divided by k?
0
Suppose -4*x + 3*x + 19 = -4*c, -4*c = 4*x + 44. Let p = 75 + -28. Calculate the remainder when p is divided by 22 + c/(-3)*1.
23
Let x = 53 + -27. Suppose -5*w + 126 = x. Suppose 2*f = 18 + w. What is the remainder when 56 is divided by f?
18
Let u(j) = -j + 20. Let l be u(12). What is the remainder when 16 is divided by 2/l + -4 + 234/24?
4
Suppose 17*n = 8*n + 144. Calculate the remainder when 78 is divided by n.
14
Let r(q) = -11 - 4 + 5 + 8*q. What is the remainder when 6 is divided by r(2)?
0
Let p be 30/9*30/25. Suppose 4*k - 71 = p*a + 157, -2*k - a = -108. Calculate the remainder when 218 is divided by k.
53
Suppose 2 + 3 = f. Suppose -149 = -4*v - f*y, 278 - 93 = 5*v + 5*y. Calculate the remainder when 107 is divided by v.
35
Let p(i) = 2*i**2 - 18 + 8*i - i**2 + 4*i + 2*i. Calculate the remainder when p(-19) is divided by 26.
25
Suppose 4*m - 19 = 81. Suppose -13 = -522*p + 521*p. Calculate the remainder when m is divided by p.
12
Suppose 220 - 94 = 7*r. Calculate the remainder when 123 is divided by r.
15
Let c(u) = 7*u. Let t be c(-1). Let z(h) = 3*h**2 + 5*h - 3. Let i be z(t). Let l = -77 + i. What is the remainder when 94 is divided by l?
30
Let n = 254 - 244. Calculate the remainder when 15 is divided by n.
5
Let x(n) = 46*n - 6. Calculate the remainder when 119 is divided by x(1).
39
Suppose -n + 2745 = 152*y - 147*y, -2*n = -3*y + 1634. What is the remainder when y is divided by 61?
60
Let i be 37 - (3 - 9)/(-3). Let t(v) = -v**2 + 9*v - 3. Let f be t(8). Suppose f*z = -0*z + i. What is the remainder when 13 is divided by z?
6
Let c be 1/((-2)/(-4)) - 0. What is the remainder when (1 - c - -101) + -3 is divided by 20?
17
What is the remainder when (-18)/(-27) - (2 + 275/(-15)) is divided by 12?
5
Suppose 4*u - 4*k = 964, -5*k + 639 + 280 = 4*u. What is the remainder when u is divided by 66?
38
Let x(p) = -9*p + 4 - 4. What is the remainder when 1/(-1) + 57 + (-8 - -4) is divided by x(-3)?
25
Let z be (-3)/(-2*(-9)/(-6)). Let w be z - 5 - 18/(-9). Let